{"id":364,"date":"2020-08-11T10:49:54","date_gmt":"2020-08-11T10:49:54","guid":{"rendered":"http:\/\/vienibaspsk.lv\/wordpress\/?page_id=364"},"modified":"2022-04-06T13:35:16","modified_gmt":"2022-04-06T10:35:16","slug":"interesu-izglitiba","status":"publish","type":"page","link":"https:\/\/vienibaspsk.lv\/index.php\/interesu-izglitiba\/","title":{"rendered":"Intere\u0161u izgl\u012bt\u012bba"},"content":{"rendered":"\r\n<p><span style=\"color: #000000; font-family: arial, helvetica, sans-serif;\"><strong>Skola pied\u0101v\u0101 skol\u0113niem savas sp\u0113jas att\u012bst\u012bt un pilnveidot da\u017e\u0101du jomu intere\u0161u izgl\u012bt\u012bbas pulci\u0146os:<\/strong><\/span><\/p>\r\n<p><strong><span style=\"color: #000000; font-family: arial, helvetica, sans-serif;\">Kult\u016brizgl\u012bt\u012bbas programm\u0101<\/span><\/strong><\/p>\r\n<p><span style=\"color: #000000; font-family: arial, helvetica, sans-serif;\">\r\n\r\n<\/span><\/p>\r\n<ul class=\"wp-block-list\">\r\n<li><span style=\"color: #000000; font-family: arial, helvetica, sans-serif;\">tautas deju kolekt\u012bvi (2 grupas): 1.-2. kl., 3.-4. kl.;<\/span><\/li>\r\n<li><span style=\"color: #000000; font-family: arial, helvetica, sans-serif;\">kori: 2. kla\u0161u un 3.-4.kla\u0161u koris;<\/span><\/li>\r\n<li><span style=\"color: #000000; font-family: arial, helvetica, sans-serif;\">vok\u0101lais ansamblis: 5.kl.;<\/span><\/li>\r\n<li><span style=\"color: #000000; font-family: arial, helvetica, sans-serif;\">folkloras ansamblis &#8220;Dz\u012bsmeite&#8221; 4., 6. kl.;<\/span><\/li>\r\n<li><span style=\"color: #000000; font-family: arial, helvetica, sans-serif;\">vizu\u0101l\u0101s m\u0101kslas pulci\u0146\u0161 5.kl.;<\/span><\/li>\r\n<li><span style=\"color: #000000; font-family: arial, helvetica, sans-serif;\">netradicion\u0101lo rokdarbu pulci\u0146\u0161&nbsp; 4.kl., 5.kl.;<\/span><\/li>\r\n<li><span style=\"color: #000000; font-family: arial, helvetica, sans-serif;\">SMU &#8211; skol\u0113nu m\u0101c\u012bbu uz\u0146\u0113mums 5.kl.;<\/span><\/li>\r\n<\/ul>\r\n<p><span style=\"color: #000000;\">\r\n\r\n<\/span><\/p>\r\n<p><span style=\"color: #000000; font-family: arial, helvetica, sans-serif;\">\r\n\r\n\r\n\r\n<\/span><\/p>\r\n<p><strong><span style=\"color: #000000; font-family: arial, helvetica, sans-serif;\">Jaunatnes izgl\u012bt\u012bbas programm\u0101<\/span><\/strong><\/p>\r\n<p><span style=\"color: #000000; font-family: arial, helvetica, sans-serif;\">\r\n\r\n<\/span><\/p>\r\n<ul class=\"wp-block-list\">\r\n<li><span style=\"color: #000000; font-family: arial, helvetica, sans-serif;\">dz\u012bveszi\u0146as klubs &#8220;Person\u012bbas akad\u0113mija&#8221; 6.kl.;<\/span><\/li>\r\n<\/ul>\r\n<p><span style=\"color: #000000; font-family: arial, helvetica, sans-serif;\">\r\n\r\n<\/span><\/p>\r\n<p>&nbsp;<\/p>\r\n","protected":false},"excerpt":{"rendered":"<p>Skola pied\u0101v\u0101 skol\u0113niem savas sp\u0113jas att\u012bst\u012bt un pilnveidot da\u017e\u0101du jomu intere\u0161u izgl\u012bt\u012bbas pulci\u0146os: Kult\u016brizgl\u012bt\u012bbas programm\u0101 tautas deju kolekt\u012bvi (2 grupas): 1.-2. kl., 3.-4. kl.; kori: 2. kla\u0161u un 3.-4.kla\u0161u koris; &#8230;<\/p>\n","protected":false},"author":2,"featured_media":0,"parent":0,"menu_order":0,"comment_status":"closed","ping_status":"closed","template":"","meta":{"_lmt_disableupdate":"no","_lmt_disable":"","ngg_post_thumbnail":0,"footnotes":""},"class_list":["post-364","page","type-page","status-publish","hentry"],"yoast_head":"<!-- This site is optimized with the Yoast SEO plugin v18.3 - https:\/\/yoast.com\/wordpress\/plugins\/seo\/ -->\n<title>Intere\u0161u izgl\u012bt\u012bba - Daugavpils Vien\u012bbas pamatskola<\/title>\n<meta name=\"robots\" content=\"index, follow, max-snippet:-1, max-image-preview:large, max-video-preview:-1\" \/>\n<link rel=\"canonical\" href=\"https:\/\/vienibaspsk.lv\/index.php\/interesu-izglitiba\/\" \/>\n<meta property=\"og:locale\" content=\"lv_LV\" \/>\n<meta property=\"og:type\" content=\"article\" \/>\n<meta property=\"og:title\" content=\"Intere\u0161u izgl\u012bt\u012bba - Daugavpils Vien\u012bbas pamatskola\" \/>\n<meta property=\"og:description\" content=\"Skola pied\u0101v\u0101 skol\u0113niem savas sp\u0113jas att\u012bst\u012bt un pilnveidot da\u017e\u0101du jomu intere\u0161u izgl\u012bt\u012bbas pulci\u0146os: Kult\u016brizgl\u012bt\u012bbas programm\u0101 tautas deju kolekt\u012bvi (2 grupas): 1.-2. kl., 3.-4. kl.; kori: 2. kla\u0161u un 3.-4.kla\u0161u koris; ...\" \/>\n<meta property=\"og:url\" content=\"https:\/\/vienibaspsk.lv\/index.php\/interesu-izglitiba\/\" \/>\n<meta property=\"og:site_name\" content=\"Daugavpils Vien\u012bbas pamatskola\" \/>\n<meta property=\"article:modified_time\" content=\"2022-04-06T10:35:16+00:00\" \/>\n<meta name=\"twitter:card\" content=\"summary_large_image\" \/>\n<meta name=\"twitter:label1\" content=\"Est. reading time\" \/>\n\t<meta name=\"twitter:data1\" content=\"1 min\u016bte\" \/>\n<script type=\"application\/ld+json\" class=\"yoast-schema-graph\">{\"@context\":\"https:\/\/schema.org\",\"@graph\":[{\"@type\":\"WebSite\",\"@id\":\"https:\/\/vienibaspsk.lv\/#website\",\"url\":\"https:\/\/vienibaspsk.lv\/\",\"name\":\"Daugavpils Vien\u012bbas pamatskola\",\"description\":\"\",\"potentialAction\":[{\"@type\":\"SearchAction\",\"target\":{\"@type\":\"EntryPoint\",\"urlTemplate\":\"https:\/\/vienibaspsk.lv\/?s={search_term_string}\"},\"query-input\":\"required name=search_term_string\"}],\"inLanguage\":\"lv-LV\"},{\"@type\":\"WebPage\",\"@id\":\"https:\/\/vienibaspsk.lv\/index.php\/interesu-izglitiba\/#webpage\",\"url\":\"https:\/\/vienibaspsk.lv\/index.php\/interesu-izglitiba\/\",\"name\":\"Intere\u0161u izgl\u012bt\u012bba - Daugavpils Vien\u012bbas pamatskola\",\"isPartOf\":{\"@id\":\"https:\/\/vienibaspsk.lv\/#website\"},\"datePublished\":\"2020-08-11T10:49:54+00:00\",\"dateModified\":\"2022-04-06T10:35:16+00:00\",\"breadcrumb\":{\"@id\":\"https:\/\/vienibaspsk.lv\/index.php\/interesu-izglitiba\/#breadcrumb\"},\"inLanguage\":\"lv-LV\",\"potentialAction\":[{\"@type\":\"ReadAction\",\"target\":[\"https:\/\/vienibaspsk.lv\/index.php\/interesu-izglitiba\/\"]}]},{\"@type\":\"BreadcrumbList\",\"@id\":\"https:\/\/vienibaspsk.lv\/index.php\/interesu-izglitiba\/#breadcrumb\",\"itemListElement\":[{\"@type\":\"ListItem\",\"position\":1,\"name\":\"Galven\u0101\",\"item\":\"https:\/\/vienibaspsk.lv\/\"},{\"@type\":\"ListItem\",\"position\":2,\"name\":\"Intere\u0161u izgl\u012bt\u012bba\"}]}]}<\/script>\n<!-- \/ Yoast SEO plugin. -->","yoast_head_json":{"title":"Intere\u0161u izgl\u012bt\u012bba - Daugavpils Vien\u012bbas pamatskola","robots":{"index":"index","follow":"follow","max-snippet":"max-snippet:-1","max-image-preview":"max-image-preview:large","max-video-preview":"max-video-preview:-1"},"canonical":"https:\/\/vienibaspsk.lv\/index.php\/interesu-izglitiba\/","og_locale":"lv_LV","og_type":"article","og_title":"Intere\u0161u izgl\u012bt\u012bba - Daugavpils Vien\u012bbas pamatskola","og_description":"Skola pied\u0101v\u0101 skol\u0113niem savas sp\u0113jas att\u012bst\u012bt un pilnveidot da\u017e\u0101du jomu intere\u0161u izgl\u012bt\u012bbas pulci\u0146os: Kult\u016brizgl\u012bt\u012bbas programm\u0101 tautas deju kolekt\u012bvi (2 grupas): 1.-2. kl., 3.-4. kl.; kori: 2. kla\u0161u un 3.-4.kla\u0161u koris; ...","og_url":"https:\/\/vienibaspsk.lv\/index.php\/interesu-izglitiba\/","og_site_name":"Daugavpils Vien\u012bbas pamatskola","article_modified_time":"2022-04-06T10:35:16+00:00","twitter_card":"summary_large_image","twitter_misc":{"Est. reading time":"1 min\u016bte"},"schema":{"@context":"https:\/\/schema.org","@graph":[{"@type":"WebSite","@id":"https:\/\/vienibaspsk.lv\/#website","url":"https:\/\/vienibaspsk.lv\/","name":"Daugavpils Vien\u012bbas pamatskola","description":"","potentialAction":[{"@type":"SearchAction","target":{"@type":"EntryPoint","urlTemplate":"https:\/\/vienibaspsk.lv\/?s={search_term_string}"},"query-input":"required name=search_term_string"}],"inLanguage":"lv-LV"},{"@type":"WebPage","@id":"https:\/\/vienibaspsk.lv\/index.php\/interesu-izglitiba\/#webpage","url":"https:\/\/vienibaspsk.lv\/index.php\/interesu-izglitiba\/","name":"Intere\u0161u izgl\u012bt\u012bba - Daugavpils Vien\u012bbas pamatskola","isPartOf":{"@id":"https:\/\/vienibaspsk.lv\/#website"},"datePublished":"2020-08-11T10:49:54+00:00","dateModified":"2022-04-06T10:35:16+00:00","breadcrumb":{"@id":"https:\/\/vienibaspsk.lv\/index.php\/interesu-izglitiba\/#breadcrumb"},"inLanguage":"lv-LV","potentialAction":[{"@type":"ReadAction","target":["https:\/\/vienibaspsk.lv\/index.php\/interesu-izglitiba\/"]}]},{"@type":"BreadcrumbList","@id":"https:\/\/vienibaspsk.lv\/index.php\/interesu-izglitiba\/#breadcrumb","itemListElement":[{"@type":"ListItem","position":1,"name":"Galven\u0101","item":"https:\/\/vienibaspsk.lv\/"},{"@type":"ListItem","position":2,"name":"Intere\u0161u izgl\u012bt\u012bba"}]}]}},"_links":{"self":[{"href":"https:\/\/vienibaspsk.lv\/index.php\/wp-json\/wp\/v2\/pages\/364","targetHints":{"allow":["GET"]}}],"collection":[{"href":"https:\/\/vienibaspsk.lv\/index.php\/wp-json\/wp\/v2\/pages"}],"about":[{"href":"https:\/\/vienibaspsk.lv\/index.php\/wp-json\/wp\/v2\/types\/page"}],"author":[{"embeddable":true,"href":"https:\/\/vienibaspsk.lv\/index.php\/wp-json\/wp\/v2\/users\/2"}],"replies":[{"embeddable":true,"href":"https:\/\/vienibaspsk.lv\/index.php\/wp-json\/wp\/v2\/comments?post=364"}],"version-history":[{"count":7,"href":"https:\/\/vienibaspsk.lv\/index.php\/wp-json\/wp\/v2\/pages\/364\/revisions"}],"predecessor-version":[{"id":5054,"href":"https:\/\/vienibaspsk.lv\/index.php\/wp-json\/wp\/v2\/pages\/364\/revisions\/5054"}],"wp:attachment":[{"href":"https:\/\/vienibaspsk.lv\/index.php\/wp-json\/wp\/v2\/media?parent=364"}],"curies":[{"name":"wp","href":"https:\/\/api.w.org\/{rel}","templated":true}]}}