{"id":308,"date":"2020-08-10T15:42:16","date_gmt":"2020-08-10T15:42:16","guid":{"rendered":"http:\/\/vienibaspsk.lv\/wordpress\/?page_id=308"},"modified":"2020-08-12T15:37:31","modified_gmt":"2020-08-12T15:37:31","slug":"projekts-clil-integreta-satura-un-valodas-macisana","status":"publish","type":"page","link":"https:\/\/vienibaspsk.lv\/index.php\/projekti\/projekts-clil-integreta-satura-un-valodas-macisana\/","title":{"rendered":"Projekts CLIL (integr\u0113ta satura un valodas m\u0101c\u012b\u0161ana)"},"content":{"rendered":"\n<figure class=\"wp-block-table\"><table><tbody><tr><td><\/td><\/tr><tr><\/tr><tr><td><strong><br><u>\u0160obr\u012bd CLIL<\/u><\/strong><br><br>\u2002\u2002\u0160obr\u012bd CLIL (integr\u0113ta satura un valodas m\u0101c\u012b\u0161ana) ir aktu\u0101la t\u0113ma Eirop\u0101 un viena no jaun\u0101kaj\u0101m pieej\u0101m m\u0101c\u012b\u0161anas metodik\u0101. T\u0101 ir ar\u012b viena no Eiropas Savien\u012bbas M\u016b\u017eizgl\u012bt\u012bbas programmas priorit\u0101t\u0113m un pamatnost\u0101dn\u0113m, jo izgl\u012bt\u012bbas p\u0113t\u012bjumi pier\u0101d\u012bju\u0161i, ka \u0161\u012b pieeja veicina gan skol\u0113nu lingvistisko, gan kognit\u012bvo att\u012bst\u012bbu.<br><br>\u2002\u2002Daugavpils Vien\u012bbas pamatskola jau otro gadu \u012bsteno ang\u013cu valodas un vizu\u0101l\u0101s m\u0101kslas vienlaic\u012bgu un apzin\u0101tu apguvi. Skol\u0113ni akt\u012bvi darbojas fakultat\u012bvaj\u0101s nodarb\u012bb\u0101s nepiespiest\u0101 gaisotn\u0113 t\u0101d\u0113j\u0101di palielinot motiv\u0101ciju m\u0101c\u012bties vizu\u0101lu m\u0101kslu un ang\u013cu valodu. 5.kla\u0161u skol\u0113niem dota iesp\u0113ja att\u012bst\u012bt klaus\u012b\u0161an\u0101s, rakst\u012b\u0161anas, run\u0101\u0161anas un saskarsmes prasmes, k\u0101 ar\u012b atk\u0101rtot gramatiskas t\u0113mas, \u0146emot v\u0113r\u0101 katra skol\u0113na sp\u0113jas, intereses un person\u012bbas iez\u012bmes, veicinot kritisk\u0101s dom\u0101\u0161anas att\u012bst\u012bbu un sp\u0113ju darboties komand\u0101.<br><br>\u2002\u2002Clil fakultat\u012bv\u0101 stund\u0101 skol\u0113ni apg\u016bst da\u017e\u0101das vizu\u0101l\u0101s m\u0101kslas t\u0113mas, piem. klus\u0101 daba, ainava, line\u0101r\u0101 perspekt\u012bva, proporcijas, etnogr\u0101fija, dizains utt. Vi\u0146i run\u0101 par m\u0101kslu, klaus\u0101s un lasa par m\u0101ksliniekiem un vi\u0146u darbiem, z\u012bm\u0113 portretus, sal\u012bdzina, veido origami, veic eksperimentus ar kr\u0101s\u0101m, izmantojot ang\u013cu valodas zin\u0101\u0161anas un prasmes.<br><br>\u2002\u2002M\u016bsu skolas pedagogi apguva CLIL metodiku un regul\u0101ri paaugstina savu profesion\u0101lo meistar\u012bbu t\u0101l\u0101kizgl\u012bt\u012bbas kursos un semin\u0101ros. Stundu izstr\u0101d\u0101 un vada divas skolot\u0101jas \u2013 vizu\u0101l\u0101s m\u0101kslas skolot\u0101ja L\u012bga Midere-David\u010duka un ang\u013cu valodas skolot\u0101ja \u017danna Olehnovi\u010da.<\/td><\/tr><\/tbody><\/table><\/figure>\n\n\n\n<figure class=\"wp-block-gallery columns-3 is-cropped wp-block-gallery-1 is-layout-flex wp-block-gallery-is-layout-flex\"><ul class=\"blocks-gallery-grid\"><li class=\"blocks-gallery-item\"><figure><img loading=\"lazy\" decoding=\"async\" width=\"576\" height=\"768\" src=\"https:\/\/vienibaspsk.lv\/wp-content\/uploads\/2020\/08\/img_20200218_084343.jpg\" alt=\"\" data-id=\"310\" data-full-url=\"https:\/\/vienibaspsk.lv\/wp-content\/uploads\/2020\/08\/img_20200218_084343.jpg\" data-link=\"https:\/\/vienibaspsk.lv\/?attachment_id=310\" class=\"wp-image-310\" srcset=\"https:\/\/vienibaspsk.lv\/wp-content\/uploads\/2020\/08\/img_20200218_084343.jpg 576w, https:\/\/vienibaspsk.lv\/wp-content\/uploads\/2020\/08\/img_20200218_084343-225x300.jpg 225w\" sizes=\"auto, (max-width: 576px) 100vw, 576px\" \/><\/figure><\/li><li class=\"blocks-gallery-item\"><figure><img loading=\"lazy\" decoding=\"async\" width=\"576\" height=\"768\" src=\"https:\/\/vienibaspsk.lv\/wp-content\/uploads\/2020\/08\/img_20200218_164011.jpg\" alt=\"\" data-id=\"312\" data-full-url=\"https:\/\/vienibaspsk.lv\/wp-content\/uploads\/2020\/08\/img_20200218_164011.jpg\" data-link=\"https:\/\/vienibaspsk.lv\/?attachment_id=312\" class=\"wp-image-312\" srcset=\"https:\/\/vienibaspsk.lv\/wp-content\/uploads\/2020\/08\/img_20200218_164011.jpg 576w, https:\/\/vienibaspsk.lv\/wp-content\/uploads\/2020\/08\/img_20200218_164011-225x300.jpg 225w\" sizes=\"auto, (max-width: 576px) 100vw, 576px\" \/><\/figure><\/li><li class=\"blocks-gallery-item\"><figure><img loading=\"lazy\" decoding=\"async\" width=\"576\" height=\"768\" src=\"https:\/\/vienibaspsk.lv\/wp-content\/uploads\/2020\/08\/img_20200218_164732.jpg\" alt=\"\" data-id=\"314\" data-full-url=\"https:\/\/vienibaspsk.lv\/wp-content\/uploads\/2020\/08\/img_20200218_164732.jpg\" data-link=\"https:\/\/vienibaspsk.lv\/?attachment_id=314\" class=\"wp-image-314\" srcset=\"https:\/\/vienibaspsk.lv\/wp-content\/uploads\/2020\/08\/img_20200218_164732.jpg 576w, https:\/\/vienibaspsk.lv\/wp-content\/uploads\/2020\/08\/img_20200218_164732-225x300.jpg 225w\" sizes=\"auto, (max-width: 576px) 100vw, 576px\" \/><\/figure><\/li><li class=\"blocks-gallery-item\"><figure><img loading=\"lazy\" decoding=\"async\" width=\"576\" height=\"768\" src=\"https:\/\/vienibaspsk.lv\/wp-content\/uploads\/2020\/08\/img_20200219_112000.jpg\" alt=\"\" data-id=\"316\" data-full-url=\"https:\/\/vienibaspsk.lv\/wp-content\/uploads\/2020\/08\/img_20200219_112000.jpg\" data-link=\"https:\/\/vienibaspsk.lv\/?attachment_id=316\" class=\"wp-image-316\" srcset=\"https:\/\/vienibaspsk.lv\/wp-content\/uploads\/2020\/08\/img_20200219_112000.jpg 576w, https:\/\/vienibaspsk.lv\/wp-content\/uploads\/2020\/08\/img_20200219_112000-225x300.jpg 225w\" sizes=\"auto, (max-width: 576px) 100vw, 576px\" \/><\/figure><\/li><li class=\"blocks-gallery-item\"><figure><img loading=\"lazy\" decoding=\"async\" width=\"576\" height=\"768\" src=\"https:\/\/vienibaspsk.lv\/wp-content\/uploads\/2020\/08\/1-1.jpg\" alt=\"\" data-id=\"318\" data-full-url=\"https:\/\/vienibaspsk.lv\/wp-content\/uploads\/2020\/08\/1-1.jpg\" data-link=\"https:\/\/vienibaspsk.lv\/?attachment_id=318\" class=\"wp-image-318\" srcset=\"https:\/\/vienibaspsk.lv\/wp-content\/uploads\/2020\/08\/1-1.jpg 576w, https:\/\/vienibaspsk.lv\/wp-content\/uploads\/2020\/08\/1-1-225x300.jpg 225w\" sizes=\"auto, (max-width: 576px) 100vw, 576px\" \/><\/figure><\/li><li class=\"blocks-gallery-item\"><figure><img loading=\"lazy\" decoding=\"async\" width=\"576\" height=\"768\" src=\"https:\/\/vienibaspsk.lv\/wp-content\/uploads\/2020\/08\/img_20200218_081332-1.jpg\" alt=\"\" data-id=\"320\" data-full-url=\"https:\/\/vienibaspsk.lv\/wp-content\/uploads\/2020\/08\/img_20200218_081332-1.jpg\" data-link=\"https:\/\/vienibaspsk.lv\/?attachment_id=320\" class=\"wp-image-320\" srcset=\"https:\/\/vienibaspsk.lv\/wp-content\/uploads\/2020\/08\/img_20200218_081332-1.jpg 576w, https:\/\/vienibaspsk.lv\/wp-content\/uploads\/2020\/08\/img_20200218_081332-1-225x300.jpg 225w\" sizes=\"auto, (max-width: 576px) 100vw, 576px\" \/><\/figure><\/li><\/ul><\/figure>\n\n\n\n<p>I<em>nform\u0101ciju sagatavoja \u017danna Olehnovi\u010da.<\/em><\/p>\n","protected":false},"excerpt":{"rendered":"<p>\u0160obr\u012bd CLIL \u2002\u2002\u0160obr\u012bd CLIL (integr\u0113ta satura un valodas m\u0101c\u012b\u0161ana) ir aktu\u0101la t\u0113ma Eirop\u0101 un viena no jaun\u0101kaj\u0101m pieej\u0101m m\u0101c\u012b\u0161anas metodik\u0101. T\u0101 ir ar\u012b viena no Eiropas Savien\u012bbas M\u016b\u017eizgl\u012bt\u012bbas programmas priorit\u0101t\u0113m &#8230;<\/p>\n","protected":false},"author":2,"featured_media":0,"parent":95,"menu_order":0,"comment_status":"closed","ping_status":"closed","template":"","meta":{"_lmt_disableupdate":"","_lmt_disable":"","ngg_post_thumbnail":0,"footnotes":""},"class_list":["post-308","page","type-page","status-publish","hentry"],"yoast_head":"<!-- This site is optimized with the Yoast SEO plugin v18.3 - https:\/\/yoast.com\/wordpress\/plugins\/seo\/ -->\n<title>Projekts CLIL (integr\u0113ta satura un valodas m\u0101c\u012b\u0161ana) - Daugavpils Vien\u012bbas pamatskola<\/title>\n<meta name=\"robots\" content=\"index, follow, max-snippet:-1, max-image-preview:large, max-video-preview:-1\" \/>\n<link rel=\"canonical\" href=\"https:\/\/vienibaspsk.lv\/index.php\/projekti\/projekts-clil-integreta-satura-un-valodas-macisana\/\" \/>\n<meta property=\"og:locale\" content=\"lv_LV\" \/>\n<meta property=\"og:type\" content=\"article\" \/>\n<meta property=\"og:title\" content=\"Projekts CLIL (integr\u0113ta satura un valodas m\u0101c\u012b\u0161ana) - Daugavpils Vien\u012bbas pamatskola\" \/>\n<meta property=\"og:description\" content=\"\u0160obr\u012bd CLIL \u2002\u2002\u0160obr\u012bd CLIL (integr\u0113ta satura un valodas m\u0101c\u012b\u0161ana) ir aktu\u0101la t\u0113ma Eirop\u0101 un viena no jaun\u0101kaj\u0101m pieej\u0101m m\u0101c\u012b\u0161anas metodik\u0101. T\u0101 ir ar\u012b viena no Eiropas Savien\u012bbas M\u016b\u017eizgl\u012bt\u012bbas programmas priorit\u0101t\u0113m ...\" \/>\n<meta property=\"og:url\" content=\"https:\/\/vienibaspsk.lv\/index.php\/projekti\/projekts-clil-integreta-satura-un-valodas-macisana\/\" \/>\n<meta property=\"og:site_name\" content=\"Daugavpils Vien\u012bbas pamatskola\" \/>\n<meta property=\"article:modified_time\" content=\"2020-08-12T15:37:31+00:00\" \/>\n<meta property=\"og:image\" content=\"http:\/\/vienibaspsk.lv\/wp-content\/uploads\/2020\/08\/img_20200218_084343.jpg\" \/>\n<meta name=\"twitter:card\" content=\"summary_large_image\" \/>\n<meta name=\"twitter:label1\" content=\"Est. reading time\" \/>\n\t<meta name=\"twitter:data1\" content=\"2 min\u016btes\" \/>\n<script type=\"application\/ld+json\" class=\"yoast-schema-graph\">{\"@context\":\"https:\/\/schema.org\",\"@graph\":[{\"@type\":\"WebSite\",\"@id\":\"https:\/\/vienibaspsk.lv\/#website\",\"url\":\"https:\/\/vienibaspsk.lv\/\",\"name\":\"Daugavpils Vien\u012bbas pamatskola\",\"description\":\"\",\"potentialAction\":[{\"@type\":\"SearchAction\",\"target\":{\"@type\":\"EntryPoint\",\"urlTemplate\":\"https:\/\/vienibaspsk.lv\/?s={search_term_string}\"},\"query-input\":\"required name=search_term_string\"}],\"inLanguage\":\"lv-LV\"},{\"@type\":\"ImageObject\",\"@id\":\"https:\/\/vienibaspsk.lv\/index.php\/projekti\/projekts-clil-integreta-satura-un-valodas-macisana\/#primaryimage\",\"inLanguage\":\"lv-LV\",\"url\":\"http:\/\/vienibaspsk.lv\/wp-content\/uploads\/2020\/08\/img_20200218_084343.jpg\",\"contentUrl\":\"http:\/\/vienibaspsk.lv\/wp-content\/uploads\/2020\/08\/img_20200218_084343.jpg\"},{\"@type\":\"WebPage\",\"@id\":\"https:\/\/vienibaspsk.lv\/index.php\/projekti\/projekts-clil-integreta-satura-un-valodas-macisana\/#webpage\",\"url\":\"https:\/\/vienibaspsk.lv\/index.php\/projekti\/projekts-clil-integreta-satura-un-valodas-macisana\/\",\"name\":\"Projekts CLIL (integr\u0113ta satura un valodas m\u0101c\u012b\u0161ana) - Daugavpils Vien\u012bbas pamatskola\",\"isPartOf\":{\"@id\":\"https:\/\/vienibaspsk.lv\/#website\"},\"primaryImageOfPage\":{\"@id\":\"https:\/\/vienibaspsk.lv\/index.php\/projekti\/projekts-clil-integreta-satura-un-valodas-macisana\/#primaryimage\"},\"datePublished\":\"2020-08-10T15:42:16+00:00\",\"dateModified\":\"2020-08-12T15:37:31+00:00\",\"breadcrumb\":{\"@id\":\"https:\/\/vienibaspsk.lv\/index.php\/projekti\/projekts-clil-integreta-satura-un-valodas-macisana\/#breadcrumb\"},\"inLanguage\":\"lv-LV\",\"potentialAction\":[{\"@type\":\"ReadAction\",\"target\":[\"https:\/\/vienibaspsk.lv\/index.php\/projekti\/projekts-clil-integreta-satura-un-valodas-macisana\/\"]}]},{\"@type\":\"BreadcrumbList\",\"@id\":\"https:\/\/vienibaspsk.lv\/index.php\/projekti\/projekts-clil-integreta-satura-un-valodas-macisana\/#breadcrumb\",\"itemListElement\":[{\"@type\":\"ListItem\",\"position\":1,\"name\":\"Galven\u0101\",\"item\":\"https:\/\/vienibaspsk.lv\/\"},{\"@type\":\"ListItem\",\"position\":2,\"name\":\"Projekti\",\"item\":\"https:\/\/vienibaspsk.lv\/index.php\/projekti\/\"},{\"@type\":\"ListItem\",\"position\":3,\"name\":\"Projekts CLIL (integr\u0113ta satura un valodas m\u0101c\u012b\u0161ana)\"}]}]}<\/script>\n<!-- \/ Yoast SEO plugin. -->","yoast_head_json":{"title":"Projekts CLIL (integr\u0113ta satura un valodas m\u0101c\u012b\u0161ana) - Daugavpils Vien\u012bbas pamatskola","robots":{"index":"index","follow":"follow","max-snippet":"max-snippet:-1","max-image-preview":"max-image-preview:large","max-video-preview":"max-video-preview:-1"},"canonical":"https:\/\/vienibaspsk.lv\/index.php\/projekti\/projekts-clil-integreta-satura-un-valodas-macisana\/","og_locale":"lv_LV","og_type":"article","og_title":"Projekts CLIL (integr\u0113ta satura un valodas m\u0101c\u012b\u0161ana) - Daugavpils Vien\u012bbas pamatskola","og_description":"\u0160obr\u012bd CLIL \u2002\u2002\u0160obr\u012bd CLIL (integr\u0113ta satura un valodas m\u0101c\u012b\u0161ana) ir aktu\u0101la t\u0113ma Eirop\u0101 un viena no jaun\u0101kaj\u0101m pieej\u0101m m\u0101c\u012b\u0161anas metodik\u0101. T\u0101 ir ar\u012b viena no Eiropas Savien\u012bbas M\u016b\u017eizgl\u012bt\u012bbas programmas priorit\u0101t\u0113m ...","og_url":"https:\/\/vienibaspsk.lv\/index.php\/projekti\/projekts-clil-integreta-satura-un-valodas-macisana\/","og_site_name":"Daugavpils Vien\u012bbas pamatskola","article_modified_time":"2020-08-12T15:37:31+00:00","og_image":[{"url":"http:\/\/vienibaspsk.lv\/wp-content\/uploads\/2020\/08\/img_20200218_084343.jpg"}],"twitter_card":"summary_large_image","twitter_misc":{"Est. reading time":"2 min\u016btes"},"schema":{"@context":"https:\/\/schema.org","@graph":[{"@type":"WebSite","@id":"https:\/\/vienibaspsk.lv\/#website","url":"https:\/\/vienibaspsk.lv\/","name":"Daugavpils Vien\u012bbas pamatskola","description":"","potentialAction":[{"@type":"SearchAction","target":{"@type":"EntryPoint","urlTemplate":"https:\/\/vienibaspsk.lv\/?s={search_term_string}"},"query-input":"required name=search_term_string"}],"inLanguage":"lv-LV"},{"@type":"ImageObject","@id":"https:\/\/vienibaspsk.lv\/index.php\/projekti\/projekts-clil-integreta-satura-un-valodas-macisana\/#primaryimage","inLanguage":"lv-LV","url":"http:\/\/vienibaspsk.lv\/wp-content\/uploads\/2020\/08\/img_20200218_084343.jpg","contentUrl":"http:\/\/vienibaspsk.lv\/wp-content\/uploads\/2020\/08\/img_20200218_084343.jpg"},{"@type":"WebPage","@id":"https:\/\/vienibaspsk.lv\/index.php\/projekti\/projekts-clil-integreta-satura-un-valodas-macisana\/#webpage","url":"https:\/\/vienibaspsk.lv\/index.php\/projekti\/projekts-clil-integreta-satura-un-valodas-macisana\/","name":"Projekts CLIL (integr\u0113ta satura un valodas m\u0101c\u012b\u0161ana) - Daugavpils Vien\u012bbas pamatskola","isPartOf":{"@id":"https:\/\/vienibaspsk.lv\/#website"},"primaryImageOfPage":{"@id":"https:\/\/vienibaspsk.lv\/index.php\/projekti\/projekts-clil-integreta-satura-un-valodas-macisana\/#primaryimage"},"datePublished":"2020-08-10T15:42:16+00:00","dateModified":"2020-08-12T15:37:31+00:00","breadcrumb":{"@id":"https:\/\/vienibaspsk.lv\/index.php\/projekti\/projekts-clil-integreta-satura-un-valodas-macisana\/#breadcrumb"},"inLanguage":"lv-LV","potentialAction":[{"@type":"ReadAction","target":["https:\/\/vienibaspsk.lv\/index.php\/projekti\/projekts-clil-integreta-satura-un-valodas-macisana\/"]}]},{"@type":"BreadcrumbList","@id":"https:\/\/vienibaspsk.lv\/index.php\/projekti\/projekts-clil-integreta-satura-un-valodas-macisana\/#breadcrumb","itemListElement":[{"@type":"ListItem","position":1,"name":"Galven\u0101","item":"https:\/\/vienibaspsk.lv\/"},{"@type":"ListItem","position":2,"name":"Projekti","item":"https:\/\/vienibaspsk.lv\/index.php\/projekti\/"},{"@type":"ListItem","position":3,"name":"Projekts CLIL (integr\u0113ta satura un valodas m\u0101c\u012b\u0161ana)"}]}]}},"_links":{"self":[{"href":"https:\/\/vienibaspsk.lv\/index.php\/wp-json\/wp\/v2\/pages\/308","targetHints":{"allow":["GET"]}}],"collection":[{"href":"https:\/\/vienibaspsk.lv\/index.php\/wp-json\/wp\/v2\/pages"}],"about":[{"href":"https:\/\/vienibaspsk.lv\/index.php\/wp-json\/wp\/v2\/types\/page"}],"author":[{"embeddable":true,"href":"https:\/\/vienibaspsk.lv\/index.php\/wp-json\/wp\/v2\/users\/2"}],"replies":[{"embeddable":true,"href":"https:\/\/vienibaspsk.lv\/index.php\/wp-json\/wp\/v2\/comments?post=308"}],"version-history":[{"count":2,"href":"https:\/\/vienibaspsk.lv\/index.php\/wp-json\/wp\/v2\/pages\/308\/revisions"}],"predecessor-version":[{"id":323,"href":"https:\/\/vienibaspsk.lv\/index.php\/wp-json\/wp\/v2\/pages\/308\/revisions\/323"}],"up":[{"embeddable":true,"href":"https:\/\/vienibaspsk.lv\/index.php\/wp-json\/wp\/v2\/pages\/95"}],"wp:attachment":[{"href":"https:\/\/vienibaspsk.lv\/index.php\/wp-json\/wp\/v2\/media?parent=308"}],"curies":[{"name":"wp","href":"https:\/\/api.w.org\/{rel}","templated":true}]}}