{"id":3055,"date":"2021-05-14T16:08:39","date_gmt":"2021-05-14T13:08:39","guid":{"rendered":"http:\/\/vienibaspsk.lv\/?page_id=3055"},"modified":"2021-05-14T16:08:50","modified_gmt":"2021-05-14T13:08:50","slug":"8-3-2-2-16-i-001","status":"publish","type":"page","link":"https:\/\/vienibaspsk.lv\/index.php\/8-3-2-2-16-i-001\/","title":{"rendered":"8.3.2.2.\/16\/I\/001 Atbalsts izgl\u012btojamo individu\u0101lo kompeten\u010du att\u012bst\u012bbai"},"content":{"rendered":"<p><img loading=\"lazy\" decoding=\"async\" class=\"wp-image-3045 aligncenter\" src=\"https:\/\/vienibaspsk.lv\/wp-content\/uploads\/2021\/05\/ieguldijums_tava_nakotne-300x75.jpg\" alt=\"\" width=\"392\" height=\"98\" srcset=\"https:\/\/vienibaspsk.lv\/wp-content\/uploads\/2021\/05\/ieguldijums_tava_nakotne-300x75.jpg 300w, https:\/\/vienibaspsk.lv\/wp-content\/uploads\/2021\/05\/ieguldijums_tava_nakotne.jpg 552w\" sizes=\"auto, (max-width: 392px) 100vw, 392px\" \/><\/p>\n<p><span style=\"color: #000000; font-family: arial, helvetica, sans-serif;\">2020.\/ 21. m\u0101c\u012bbu gadu uzs\u0101k\u0101m kl\u0101tien\u0113 un priec\u0101j\u0101mies par projekta sniegtaj\u0101m iesp\u0113j\u0101m. Tom\u0113r epidemiolo\u0123isk\u0101 situ\u0101cija ieviesa korekcijas valsts dz\u012bv\u0113 un skolas dz\u012bv\u0113.<\/span><\/p>\n<p><span style=\"color: #000000; font-family: arial, helvetica, sans-serif;\">&nbsp;&nbsp;&nbsp;&nbsp;&nbsp;&nbsp;&nbsp;&nbsp;&nbsp;&nbsp;&nbsp; 2.semestr\u012b visas nodarb\u012bbas pedagogi organiz\u0113ja att\u0101lin\u0101ti. \u012apa\u0161i noz\u012bm\u012bgs bija pedagoga pal\u012bgu darbs, jo izgl\u012btojamajiem ar m\u0101c\u012b\u0161an\u0101s gr\u016bt\u012bb\u0101m bija nepiecie\u0161ams \u012bpa\u0161s atbalsts ne tikai no pedagogiem, bet ar\u012b no psihologa un logop\u0113da. Pedagogi, kuri vad\u012bja da\u017e\u0101das p\u0113tniecisk\u0101s laboratorijas un rado\u0161\u0101s nodarb\u012bbas, savu darbu p\u0101rk\u0101rtoja, lai sniegtu atbalstu ne tikai talant\u012bgajiem izgl\u012btojamajiem, bet ar\u012b tiem, kuriem ir da\u017e\u0101das m\u0101c\u012b\u0161an\u0101s gr\u016bt\u012bbas. 2.semestr\u012b m\u0113nes\u012b vid\u0113ji tiek sniegts atbalsts apm\u0113ram 650 individu\u0101laj\u0101s nodarb\u012bb\u0101s latvie\u0161u valod\u0101, matem\u0101tik\u0101, inform\u0101tik\u0101, dabaszin\u012bb\u0101s, m\u0101jtur\u012bb\u0101 un tehnolo\u0123ij\u0101s, soci\u0101laj\u0101s zin\u012bb\u0101s. Pedagogi individu\u0101l\u0101s nodarb\u012bbas organiz\u0113 gan zoom, gan Watsapp, apr\u012bl\u012b un maij\u0101 izmantoja kl\u0101tienes nodarb\u012bbu iesp\u0113jas.<\/span><\/p>\n<p><span style=\"color: #000000; font-family: arial, helvetica, sans-serif;\">Da\u017ei pedagogi izmantoja grupu nodarb\u012bbas zoom platform\u0101, piem\u0113ram, p\u0113tniecisk\u0101 laboratorija \u0123eogr\u0101fij\u0101. P\u0113tniecisko laboratoriju vada skolot\u0101ja Oksana Ostrovska. Vi\u0146a past\u0101st\u012bja par savu darbu att\u0101lin\u0101to m\u0101c\u012bbu laik\u0101:<\/span><\/p>\n<p><span style=\"color: #000000; font-family: arial, helvetica, sans-serif;\">&nbsp;&nbsp;&nbsp;&nbsp;&nbsp;&nbsp;&nbsp;&nbsp;&nbsp;&nbsp;&nbsp; &nbsp; \u201eKatru&nbsp; pirmdienu un piektdienu m\u016bsu skolas izgl\u012btojamajiem ir iesp\u0113ja piedal\u012bties STEM jomas p\u0113tniecisk\u0101s&nbsp; laboratorijas&nbsp; nodarb\u012bb\u0101s &nbsp;\u0123eogr\u0101fij\u0101. Neparastais m\u0101c\u012bbu gads ar\u012b ieviesis izmai\u0146as s\u0101kotn\u0113ji pl\u0101notaj\u0101 kalend\u0101r\u0101. \u0160obr\u012bd &nbsp;nodarb\u012bbas notiek tie\u0161saistes form\u0101t\u0101, kur izgl\u012btojamajiem ir lieliska iesp\u0113ja papla\u0161in\u0101t savu redzesloku \u0123eogr\u0101fijas jaut\u0101jumos. M\u0101c\u0101mies saskat\u012bt &nbsp;pasaules trad\u012bciju \u012bpatn\u012bbas da\u017e\u0101d\u0101s \u0100zijas un Eiropas &nbsp;valst\u012bs, mekl\u0113jot neparast\u0101s trad\u012bcijas un atk\u0101rtojot visiem zin\u0101m\u0101s. Sp\u0113l\u0113jam Eiropas, \u0100zijas un Latvijas pils\u0113tu nosaukumu \u0161ar\u0101des, viktor\u012bnas kahoot.it platform\u0101 . Un, protams, nep\u0101rsp\u0113jam\u0101 kar\u0161u viktor\u012bnu t\u012bmek\u013ca vietne seterra, dod iesp\u0113ju izgl\u012btojamajiem apg\u016bt &nbsp;&nbsp;jaunas digit\u0101l\u0101s prasmes. &nbsp;Dal\u0101mies ce\u013cojuma pieredz\u0113, ko dar\u012bt ce\u013cojumu laik\u0101, ta\u010du, lai viz\u012bte sve\u0161\u0101 valst\u012b b\u016btu veiksm\u012bga, b\u016btiski zin\u0101t ar\u012b, ko nedar\u012bt \u2013 k\u0101das k\u013c\u016bdas nepie\u013caut. Esiet laipni gaid\u012bti! \u0160eit ir &nbsp;\u013coti aizraujo\u0161i un interesanti!\u201d<\/span><\/p>\n<p><span style=\"color: #000000; font-family: arial, helvetica, sans-serif;\">&nbsp;&nbsp;&nbsp;&nbsp;&nbsp;&nbsp;&nbsp;&nbsp;&nbsp;&nbsp;&nbsp;<\/span><\/p>\n<p style=\"text-align: right;\"><span style=\"color: #000000; font-family: arial, helvetica, sans-serif;\"><em>Inform\u0101ciju sagatavoja projekta koordinatore<\/em><strong> Lilita Razminovi\u010da<\/strong><em>, <\/em><\/span><span style=\"color: #000000; font-family: arial, helvetica, sans-serif;\"><em>iek\u013cauts<\/em> <strong>Oksanas Ostrovskas<\/strong><em> st\u0101st\u012bjums<\/em><\/span><\/p>\n<p>&nbsp;<\/p>\n","protected":false},"excerpt":{"rendered":"<p>2020.\/ 21. m\u0101c\u012bbu gadu uzs\u0101k\u0101m kl\u0101tien\u0113 un priec\u0101j\u0101mies par projekta sniegtaj\u0101m iesp\u0113j\u0101m. Tom\u0113r epidemiolo\u0123isk\u0101 situ\u0101cija ieviesa korekcijas valsts dz\u012bv\u0113 un skolas dz\u012bv\u0113. &nbsp;&nbsp;&nbsp;&nbsp;&nbsp;&nbsp;&nbsp;&nbsp;&nbsp;&nbsp;&nbsp; 2.semestr\u012b visas nodarb\u012bbas pedagogi organiz\u0113ja att\u0101lin\u0101ti. \u012apa\u0161i &#8230;<\/p>\n","protected":false},"author":3,"featured_media":0,"parent":0,"menu_order":0,"comment_status":"closed","ping_status":"closed","template":"","meta":{"_lmt_disableupdate":"","_lmt_disable":"","ngg_post_thumbnail":0,"footnotes":""},"class_list":["post-3055","page","type-page","status-publish","hentry"],"yoast_head":"<!-- This site is optimized with the Yoast SEO plugin v18.3 - https:\/\/yoast.com\/wordpress\/plugins\/seo\/ -->\n<title>8.3.2.2.\/16\/I\/001 Atbalsts izgl\u012btojamo individu\u0101lo kompeten\u010du att\u012bst\u012bbai - Daugavpils Vien\u012bbas pamatskola<\/title>\n<meta name=\"robots\" content=\"index, follow, max-snippet:-1, max-image-preview:large, max-video-preview:-1\" \/>\n<link rel=\"canonical\" href=\"https:\/\/vienibaspsk.lv\/index.php\/8-3-2-2-16-i-001\/\" \/>\n<meta property=\"og:locale\" content=\"lv_LV\" \/>\n<meta property=\"og:type\" content=\"article\" \/>\n<meta property=\"og:title\" content=\"8.3.2.2.\/16\/I\/001 Atbalsts izgl\u012btojamo individu\u0101lo kompeten\u010du att\u012bst\u012bbai - Daugavpils Vien\u012bbas pamatskola\" \/>\n<meta property=\"og:description\" content=\"2020.\/ 21. m\u0101c\u012bbu gadu uzs\u0101k\u0101m kl\u0101tien\u0113 un priec\u0101j\u0101mies par projekta sniegtaj\u0101m iesp\u0113j\u0101m. Tom\u0113r epidemiolo\u0123isk\u0101 situ\u0101cija ieviesa korekcijas valsts dz\u012bv\u0113 un skolas dz\u012bv\u0113. &nbsp;&nbsp;&nbsp;&nbsp;&nbsp;&nbsp;&nbsp;&nbsp;&nbsp;&nbsp;&nbsp; 2.semestr\u012b visas nodarb\u012bbas pedagogi organiz\u0113ja att\u0101lin\u0101ti. \u012apa\u0161i ...\" \/>\n<meta property=\"og:url\" content=\"https:\/\/vienibaspsk.lv\/index.php\/8-3-2-2-16-i-001\/\" \/>\n<meta property=\"og:site_name\" content=\"Daugavpils Vien\u012bbas pamatskola\" \/>\n<meta property=\"article:modified_time\" content=\"2021-05-14T13:08:50+00:00\" \/>\n<meta property=\"og:image\" content=\"http:\/\/vienibaspsk.lv\/wp-content\/uploads\/2021\/05\/ieguldijums_tava_nakotne-300x75.jpg\" \/>\n<meta name=\"twitter:card\" content=\"summary_large_image\" \/>\n<meta name=\"twitter:label1\" content=\"Est. reading time\" \/>\n\t<meta name=\"twitter:data1\" content=\"2 min\u016btes\" \/>\n<script type=\"application\/ld+json\" class=\"yoast-schema-graph\">{\"@context\":\"https:\/\/schema.org\",\"@graph\":[{\"@type\":\"WebSite\",\"@id\":\"https:\/\/vienibaspsk.lv\/#website\",\"url\":\"https:\/\/vienibaspsk.lv\/\",\"name\":\"Daugavpils Vien\u012bbas pamatskola\",\"description\":\"\",\"potentialAction\":[{\"@type\":\"SearchAction\",\"target\":{\"@type\":\"EntryPoint\",\"urlTemplate\":\"https:\/\/vienibaspsk.lv\/?s={search_term_string}\"},\"query-input\":\"required name=search_term_string\"}],\"inLanguage\":\"lv-LV\"},{\"@type\":\"ImageObject\",\"@id\":\"https:\/\/vienibaspsk.lv\/index.php\/8-3-2-2-16-i-001\/#primaryimage\",\"inLanguage\":\"lv-LV\",\"url\":\"http:\/\/vienibaspsk.lv\/wp-content\/uploads\/2021\/05\/ieguldijums_tava_nakotne-300x75.jpg\",\"contentUrl\":\"http:\/\/vienibaspsk.lv\/wp-content\/uploads\/2021\/05\/ieguldijums_tava_nakotne-300x75.jpg\"},{\"@type\":\"WebPage\",\"@id\":\"https:\/\/vienibaspsk.lv\/index.php\/8-3-2-2-16-i-001\/#webpage\",\"url\":\"https:\/\/vienibaspsk.lv\/index.php\/8-3-2-2-16-i-001\/\",\"name\":\"8.3.2.2.\/16\/I\/001 Atbalsts izgl\u012btojamo individu\u0101lo kompeten\u010du att\u012bst\u012bbai - Daugavpils Vien\u012bbas pamatskola\",\"isPartOf\":{\"@id\":\"https:\/\/vienibaspsk.lv\/#website\"},\"primaryImageOfPage\":{\"@id\":\"https:\/\/vienibaspsk.lv\/index.php\/8-3-2-2-16-i-001\/#primaryimage\"},\"datePublished\":\"2021-05-14T13:08:39+00:00\",\"dateModified\":\"2021-05-14T13:08:50+00:00\",\"breadcrumb\":{\"@id\":\"https:\/\/vienibaspsk.lv\/index.php\/8-3-2-2-16-i-001\/#breadcrumb\"},\"inLanguage\":\"lv-LV\",\"potentialAction\":[{\"@type\":\"ReadAction\",\"target\":[\"https:\/\/vienibaspsk.lv\/index.php\/8-3-2-2-16-i-001\/\"]}]},{\"@type\":\"BreadcrumbList\",\"@id\":\"https:\/\/vienibaspsk.lv\/index.php\/8-3-2-2-16-i-001\/#breadcrumb\",\"itemListElement\":[{\"@type\":\"ListItem\",\"position\":1,\"name\":\"Galven\u0101\",\"item\":\"https:\/\/vienibaspsk.lv\/\"},{\"@type\":\"ListItem\",\"position\":2,\"name\":\"8.3.2.2.\/16\/I\/001 Atbalsts izgl\u012btojamo individu\u0101lo kompeten\u010du att\u012bst\u012bbai\"}]}]}<\/script>\n<!-- \/ Yoast SEO plugin. -->","yoast_head_json":{"title":"8.3.2.2.\/16\/I\/001 Atbalsts izgl\u012btojamo individu\u0101lo kompeten\u010du att\u012bst\u012bbai - Daugavpils Vien\u012bbas pamatskola","robots":{"index":"index","follow":"follow","max-snippet":"max-snippet:-1","max-image-preview":"max-image-preview:large","max-video-preview":"max-video-preview:-1"},"canonical":"https:\/\/vienibaspsk.lv\/index.php\/8-3-2-2-16-i-001\/","og_locale":"lv_LV","og_type":"article","og_title":"8.3.2.2.\/16\/I\/001 Atbalsts izgl\u012btojamo individu\u0101lo kompeten\u010du att\u012bst\u012bbai - Daugavpils Vien\u012bbas pamatskola","og_description":"2020.\/ 21. m\u0101c\u012bbu gadu uzs\u0101k\u0101m kl\u0101tien\u0113 un priec\u0101j\u0101mies par projekta sniegtaj\u0101m iesp\u0113j\u0101m. Tom\u0113r epidemiolo\u0123isk\u0101 situ\u0101cija ieviesa korekcijas valsts dz\u012bv\u0113 un skolas dz\u012bv\u0113. &nbsp;&nbsp;&nbsp;&nbsp;&nbsp;&nbsp;&nbsp;&nbsp;&nbsp;&nbsp;&nbsp; 2.semestr\u012b visas nodarb\u012bbas pedagogi organiz\u0113ja att\u0101lin\u0101ti. \u012apa\u0161i ...","og_url":"https:\/\/vienibaspsk.lv\/index.php\/8-3-2-2-16-i-001\/","og_site_name":"Daugavpils Vien\u012bbas pamatskola","article_modified_time":"2021-05-14T13:08:50+00:00","og_image":[{"url":"http:\/\/vienibaspsk.lv\/wp-content\/uploads\/2021\/05\/ieguldijums_tava_nakotne-300x75.jpg"}],"twitter_card":"summary_large_image","twitter_misc":{"Est. reading time":"2 min\u016btes"},"schema":{"@context":"https:\/\/schema.org","@graph":[{"@type":"WebSite","@id":"https:\/\/vienibaspsk.lv\/#website","url":"https:\/\/vienibaspsk.lv\/","name":"Daugavpils Vien\u012bbas pamatskola","description":"","potentialAction":[{"@type":"SearchAction","target":{"@type":"EntryPoint","urlTemplate":"https:\/\/vienibaspsk.lv\/?s={search_term_string}"},"query-input":"required name=search_term_string"}],"inLanguage":"lv-LV"},{"@type":"ImageObject","@id":"https:\/\/vienibaspsk.lv\/index.php\/8-3-2-2-16-i-001\/#primaryimage","inLanguage":"lv-LV","url":"http:\/\/vienibaspsk.lv\/wp-content\/uploads\/2021\/05\/ieguldijums_tava_nakotne-300x75.jpg","contentUrl":"http:\/\/vienibaspsk.lv\/wp-content\/uploads\/2021\/05\/ieguldijums_tava_nakotne-300x75.jpg"},{"@type":"WebPage","@id":"https:\/\/vienibaspsk.lv\/index.php\/8-3-2-2-16-i-001\/#webpage","url":"https:\/\/vienibaspsk.lv\/index.php\/8-3-2-2-16-i-001\/","name":"8.3.2.2.\/16\/I\/001 Atbalsts izgl\u012btojamo individu\u0101lo kompeten\u010du att\u012bst\u012bbai - Daugavpils Vien\u012bbas pamatskola","isPartOf":{"@id":"https:\/\/vienibaspsk.lv\/#website"},"primaryImageOfPage":{"@id":"https:\/\/vienibaspsk.lv\/index.php\/8-3-2-2-16-i-001\/#primaryimage"},"datePublished":"2021-05-14T13:08:39+00:00","dateModified":"2021-05-14T13:08:50+00:00","breadcrumb":{"@id":"https:\/\/vienibaspsk.lv\/index.php\/8-3-2-2-16-i-001\/#breadcrumb"},"inLanguage":"lv-LV","potentialAction":[{"@type":"ReadAction","target":["https:\/\/vienibaspsk.lv\/index.php\/8-3-2-2-16-i-001\/"]}]},{"@type":"BreadcrumbList","@id":"https:\/\/vienibaspsk.lv\/index.php\/8-3-2-2-16-i-001\/#breadcrumb","itemListElement":[{"@type":"ListItem","position":1,"name":"Galven\u0101","item":"https:\/\/vienibaspsk.lv\/"},{"@type":"ListItem","position":2,"name":"8.3.2.2.\/16\/I\/001 Atbalsts izgl\u012btojamo individu\u0101lo kompeten\u010du att\u012bst\u012bbai"}]}]}},"_links":{"self":[{"href":"https:\/\/vienibaspsk.lv\/index.php\/wp-json\/wp\/v2\/pages\/3055","targetHints":{"allow":["GET"]}}],"collection":[{"href":"https:\/\/vienibaspsk.lv\/index.php\/wp-json\/wp\/v2\/pages"}],"about":[{"href":"https:\/\/vienibaspsk.lv\/index.php\/wp-json\/wp\/v2\/types\/page"}],"author":[{"embeddable":true,"href":"https:\/\/vienibaspsk.lv\/index.php\/wp-json\/wp\/v2\/users\/3"}],"replies":[{"embeddable":true,"href":"https:\/\/vienibaspsk.lv\/index.php\/wp-json\/wp\/v2\/comments?post=3055"}],"version-history":[{"count":2,"href":"https:\/\/vienibaspsk.lv\/index.php\/wp-json\/wp\/v2\/pages\/3055\/revisions"}],"predecessor-version":[{"id":3057,"href":"https:\/\/vienibaspsk.lv\/index.php\/wp-json\/wp\/v2\/pages\/3055\/revisions\/3057"}],"wp:attachment":[{"href":"https:\/\/vienibaspsk.lv\/index.php\/wp-json\/wp\/v2\/media?parent=3055"}],"curies":[{"name":"wp","href":"https:\/\/api.w.org\/{rel}","templated":true}]}}