{"id":177,"date":"2020-05-21T08:56:37","date_gmt":"2020-05-21T08:56:37","guid":{"rendered":"http:\/\/vienibaspsk.lv\/wordpress\/?page_id=177"},"modified":"2025-12-02T09:30:24","modified_gmt":"2025-12-02T07:30:24","slug":"socialo-zinatnu-jomas-skolotajas","status":"publish","type":"page","link":"https:\/\/vienibaspsk.lv\/index.php\/par-skolu\/personals\/pedagogi\/socialo-zinatnu-jomas-skolotajas\/","title":{"rendered":"Kult\u016bras un pa\u0161izpausmes, vesel\u012bbas un fiziskas aktivit\u0101tes, soci\u0101la un pilsoniska joma"},"content":{"rendered":"\r\n<p>Skolot\u0101ji m\u0101ca skol\u0113nus cien\u012bt savu valsti, iesaist\u012bties sabiedriskos procesos, veidot pasauli ap sevi skaist\u0101ku, r\u016bp\u0113ties par vidi un savu vesel\u012bbu.<\/p>\r\n<p>Kult\u016bras un pilsonisk\u0101 m\u0101c\u012bbu joma<\/p>\r\n<ol>\r\n<li>Stanislavs Grab\u013cevskis \u2013 m\u016bzikas skolot\u0101js<\/li>\r\n<li>L\u012bga Midere-David\u010duka -vizu\u0101l\u0101s m\u0101kslas skolot\u0101ja<\/li>\r\n<li>Nikolajs Novikovs \u2013 sporta un vesel\u012bbas skolot\u0101js<\/li>\r\n<li>Rita Ostapko- dizaina un tehnolo\u0123iju skolot\u0101ja<\/li>\r\n<li>Maija Skr\u016bzmane &#8211; sporta un vesel\u012bbas skolot\u0101ja<\/li>\r\n<li>L\u016bcija Vaivode \u2013 m\u016bzikas skolot\u0101ja<\/li>\r\n<li>Anita Vilc\u0101ne &#8211; sporta un vesel\u012bbas skolot\u0101ja<\/li>\r\n<li>Inese Zugicka \u2013 tautas deju skolot\u0101ja<\/li>\r\n<\/ol>\r\n","protected":false},"excerpt":{"rendered":"<p>Skolot\u0101ji m\u0101ca skol\u0113nus cien\u012bt savu valsti, iesaist\u012bties sabiedriskos procesos, veidot pasauli ap sevi skaist\u0101ku, r\u016bp\u0113ties par vidi un savu vesel\u012bbu. Kult\u016bras un pilsonisk\u0101 m\u0101c\u012bbu joma Stanislavs Grab\u013cevskis \u2013 m\u016bzikas skolot\u0101js &#8230;<\/p>\n","protected":false},"author":2,"featured_media":0,"parent":141,"menu_order":0,"comment_status":"closed","ping_status":"closed","template":"","meta":{"_lmt_disableupdate":"no","_lmt_disable":"","ngg_post_thumbnail":0,"footnotes":""},"class_list":["post-177","page","type-page","status-publish","hentry"],"yoast_head":"<!-- This site is optimized with the Yoast SEO plugin v18.3 - https:\/\/yoast.com\/wordpress\/plugins\/seo\/ -->\n<title>Kult\u016bras un pa\u0161izpausmes, vesel\u012bbas un fiziskas aktivit\u0101tes, soci\u0101la un pilsoniska joma - Daugavpils Vien\u012bbas pamatskola<\/title>\n<meta name=\"robots\" content=\"index, follow, max-snippet:-1, max-image-preview:large, max-video-preview:-1\" \/>\n<link rel=\"canonical\" href=\"https:\/\/vienibaspsk.lv\/index.php\/par-skolu\/personals\/pedagogi\/socialo-zinatnu-jomas-skolotajas\/\" \/>\n<meta property=\"og:locale\" content=\"lv_LV\" \/>\n<meta property=\"og:type\" content=\"article\" \/>\n<meta property=\"og:title\" content=\"Kult\u016bras un pa\u0161izpausmes, vesel\u012bbas un fiziskas aktivit\u0101tes, soci\u0101la un pilsoniska joma - Daugavpils Vien\u012bbas pamatskola\" \/>\n<meta property=\"og:description\" content=\"Skolot\u0101ji m\u0101ca skol\u0113nus cien\u012bt savu valsti, iesaist\u012bties sabiedriskos procesos, veidot pasauli ap sevi skaist\u0101ku, r\u016bp\u0113ties par vidi un savu vesel\u012bbu. Kult\u016bras un pilsonisk\u0101 m\u0101c\u012bbu joma Stanislavs Grab\u013cevskis \u2013 m\u016bzikas skolot\u0101js ...\" \/>\n<meta property=\"og:url\" content=\"https:\/\/vienibaspsk.lv\/index.php\/par-skolu\/personals\/pedagogi\/socialo-zinatnu-jomas-skolotajas\/\" \/>\n<meta property=\"og:site_name\" content=\"Daugavpils Vien\u012bbas pamatskola\" \/>\n<meta property=\"article:modified_time\" content=\"2025-12-02T07:30:24+00:00\" \/>\n<meta name=\"twitter:card\" content=\"summary_large_image\" \/>\n<meta name=\"twitter:label1\" content=\"Est. reading time\" \/>\n\t<meta name=\"twitter:data1\" content=\"1 min\u016bte\" \/>\n<script type=\"application\/ld+json\" class=\"yoast-schema-graph\">{\"@context\":\"https:\/\/schema.org\",\"@graph\":[{\"@type\":\"WebSite\",\"@id\":\"https:\/\/vienibaspsk.lv\/#website\",\"url\":\"https:\/\/vienibaspsk.lv\/\",\"name\":\"Daugavpils Vien\u012bbas pamatskola\",\"description\":\"\",\"potentialAction\":[{\"@type\":\"SearchAction\",\"target\":{\"@type\":\"EntryPoint\",\"urlTemplate\":\"https:\/\/vienibaspsk.lv\/?s={search_term_string}\"},\"query-input\":\"required name=search_term_string\"}],\"inLanguage\":\"lv-LV\"},{\"@type\":\"WebPage\",\"@id\":\"https:\/\/vienibaspsk.lv\/index.php\/par-skolu\/personals\/pedagogi\/socialo-zinatnu-jomas-skolotajas\/#webpage\",\"url\":\"https:\/\/vienibaspsk.lv\/index.php\/par-skolu\/personals\/pedagogi\/socialo-zinatnu-jomas-skolotajas\/\",\"name\":\"Kult\u016bras un pa\u0161izpausmes, vesel\u012bbas un fiziskas aktivit\u0101tes, soci\u0101la un pilsoniska joma - Daugavpils Vien\u012bbas pamatskola\",\"isPartOf\":{\"@id\":\"https:\/\/vienibaspsk.lv\/#website\"},\"datePublished\":\"2020-05-21T08:56:37+00:00\",\"dateModified\":\"2025-12-02T07:30:24+00:00\",\"breadcrumb\":{\"@id\":\"https:\/\/vienibaspsk.lv\/index.php\/par-skolu\/personals\/pedagogi\/socialo-zinatnu-jomas-skolotajas\/#breadcrumb\"},\"inLanguage\":\"lv-LV\",\"potentialAction\":[{\"@type\":\"ReadAction\",\"target\":[\"https:\/\/vienibaspsk.lv\/index.php\/par-skolu\/personals\/pedagogi\/socialo-zinatnu-jomas-skolotajas\/\"]}]},{\"@type\":\"BreadcrumbList\",\"@id\":\"https:\/\/vienibaspsk.lv\/index.php\/par-skolu\/personals\/pedagogi\/socialo-zinatnu-jomas-skolotajas\/#breadcrumb\",\"itemListElement\":[{\"@type\":\"ListItem\",\"position\":1,\"name\":\"Galven\u0101\",\"item\":\"https:\/\/vienibaspsk.lv\/\"},{\"@type\":\"ListItem\",\"position\":2,\"name\":\"Par skolu\",\"item\":\"https:\/\/vienibaspsk.lv\/index.php\/par-skolu\/\"},{\"@type\":\"ListItem\",\"position\":3,\"name\":\"Person\u0101ls\",\"item\":\"https:\/\/vienibaspsk.lv\/index.php\/par-skolu\/personals\/\"},{\"@type\":\"ListItem\",\"position\":4,\"name\":\"Pedagogi\",\"item\":\"https:\/\/vienibaspsk.lv\/index.php\/par-skolu\/personals\/pedagogi\/\"},{\"@type\":\"ListItem\",\"position\":5,\"name\":\"Kult\u016bras un pa\u0161izpausmes, vesel\u012bbas un fiziskas aktivit\u0101tes, soci\u0101la un pilsoniska joma\"}]}]}<\/script>\n<!-- \/ Yoast SEO plugin. -->","yoast_head_json":{"title":"Kult\u016bras un pa\u0161izpausmes, vesel\u012bbas un fiziskas aktivit\u0101tes, soci\u0101la un pilsoniska joma - Daugavpils Vien\u012bbas pamatskola","robots":{"index":"index","follow":"follow","max-snippet":"max-snippet:-1","max-image-preview":"max-image-preview:large","max-video-preview":"max-video-preview:-1"},"canonical":"https:\/\/vienibaspsk.lv\/index.php\/par-skolu\/personals\/pedagogi\/socialo-zinatnu-jomas-skolotajas\/","og_locale":"lv_LV","og_type":"article","og_title":"Kult\u016bras un pa\u0161izpausmes, vesel\u012bbas un fiziskas aktivit\u0101tes, soci\u0101la un pilsoniska joma - Daugavpils Vien\u012bbas pamatskola","og_description":"Skolot\u0101ji m\u0101ca skol\u0113nus cien\u012bt savu valsti, iesaist\u012bties sabiedriskos procesos, veidot pasauli ap sevi skaist\u0101ku, r\u016bp\u0113ties par vidi un savu vesel\u012bbu. Kult\u016bras un pilsonisk\u0101 m\u0101c\u012bbu joma Stanislavs Grab\u013cevskis \u2013 m\u016bzikas skolot\u0101js ...","og_url":"https:\/\/vienibaspsk.lv\/index.php\/par-skolu\/personals\/pedagogi\/socialo-zinatnu-jomas-skolotajas\/","og_site_name":"Daugavpils Vien\u012bbas pamatskola","article_modified_time":"2025-12-02T07:30:24+00:00","twitter_card":"summary_large_image","twitter_misc":{"Est. reading time":"1 min\u016bte"},"schema":{"@context":"https:\/\/schema.org","@graph":[{"@type":"WebSite","@id":"https:\/\/vienibaspsk.lv\/#website","url":"https:\/\/vienibaspsk.lv\/","name":"Daugavpils Vien\u012bbas pamatskola","description":"","potentialAction":[{"@type":"SearchAction","target":{"@type":"EntryPoint","urlTemplate":"https:\/\/vienibaspsk.lv\/?s={search_term_string}"},"query-input":"required name=search_term_string"}],"inLanguage":"lv-LV"},{"@type":"WebPage","@id":"https:\/\/vienibaspsk.lv\/index.php\/par-skolu\/personals\/pedagogi\/socialo-zinatnu-jomas-skolotajas\/#webpage","url":"https:\/\/vienibaspsk.lv\/index.php\/par-skolu\/personals\/pedagogi\/socialo-zinatnu-jomas-skolotajas\/","name":"Kult\u016bras un pa\u0161izpausmes, vesel\u012bbas un fiziskas aktivit\u0101tes, soci\u0101la un pilsoniska joma - Daugavpils Vien\u012bbas pamatskola","isPartOf":{"@id":"https:\/\/vienibaspsk.lv\/#website"},"datePublished":"2020-05-21T08:56:37+00:00","dateModified":"2025-12-02T07:30:24+00:00","breadcrumb":{"@id":"https:\/\/vienibaspsk.lv\/index.php\/par-skolu\/personals\/pedagogi\/socialo-zinatnu-jomas-skolotajas\/#breadcrumb"},"inLanguage":"lv-LV","potentialAction":[{"@type":"ReadAction","target":["https:\/\/vienibaspsk.lv\/index.php\/par-skolu\/personals\/pedagogi\/socialo-zinatnu-jomas-skolotajas\/"]}]},{"@type":"BreadcrumbList","@id":"https:\/\/vienibaspsk.lv\/index.php\/par-skolu\/personals\/pedagogi\/socialo-zinatnu-jomas-skolotajas\/#breadcrumb","itemListElement":[{"@type":"ListItem","position":1,"name":"Galven\u0101","item":"https:\/\/vienibaspsk.lv\/"},{"@type":"ListItem","position":2,"name":"Par skolu","item":"https:\/\/vienibaspsk.lv\/index.php\/par-skolu\/"},{"@type":"ListItem","position":3,"name":"Person\u0101ls","item":"https:\/\/vienibaspsk.lv\/index.php\/par-skolu\/personals\/"},{"@type":"ListItem","position":4,"name":"Pedagogi","item":"https:\/\/vienibaspsk.lv\/index.php\/par-skolu\/personals\/pedagogi\/"},{"@type":"ListItem","position":5,"name":"Kult\u016bras un pa\u0161izpausmes, vesel\u012bbas un fiziskas aktivit\u0101tes, soci\u0101la un pilsoniska joma"}]}]}},"_links":{"self":[{"href":"https:\/\/vienibaspsk.lv\/index.php\/wp-json\/wp\/v2\/pages\/177","targetHints":{"allow":["GET"]}}],"collection":[{"href":"https:\/\/vienibaspsk.lv\/index.php\/wp-json\/wp\/v2\/pages"}],"about":[{"href":"https:\/\/vienibaspsk.lv\/index.php\/wp-json\/wp\/v2\/types\/page"}],"author":[{"embeddable":true,"href":"https:\/\/vienibaspsk.lv\/index.php\/wp-json\/wp\/v2\/users\/2"}],"replies":[{"embeddable":true,"href":"https:\/\/vienibaspsk.lv\/index.php\/wp-json\/wp\/v2\/comments?post=177"}],"version-history":[{"count":8,"href":"https:\/\/vienibaspsk.lv\/index.php\/wp-json\/wp\/v2\/pages\/177\/revisions"}],"predecessor-version":[{"id":11419,"href":"https:\/\/vienibaspsk.lv\/index.php\/wp-json\/wp\/v2\/pages\/177\/revisions\/11419"}],"up":[{"embeddable":true,"href":"https:\/\/vienibaspsk.lv\/index.php\/wp-json\/wp\/v2\/pages\/141"}],"wp:attachment":[{"href":"https:\/\/vienibaspsk.lv\/index.php\/wp-json\/wp\/v2\/media?parent=177"}],"curies":[{"name":"wp","href":"https:\/\/api.w.org\/{rel}","templated":true}]}}