{"id":144,"date":"2020-05-21T06:18:09","date_gmt":"2020-05-21T06:18:09","guid":{"rendered":"http:\/\/vienibaspsk.lv\/wordpress\/?page_id=144"},"modified":"2020-05-26T06:31:57","modified_gmt":"2020-05-26T06:31:57","slug":"socialais-pedagogs","status":"publish","type":"page","link":"https:\/\/vienibaspsk.lv\/index.php\/par-skolu\/personals\/atbalsta-personals\/socialais-pedagogs\/","title":{"rendered":"Soci\u0101lais pedagogs"},"content":{"rendered":"\n<p>Soci\u0101lais pedagogs izv\u0113rt\u0113 skolas soci\u0101lo situ\u0101ciju, apmain\u0101s inform\u0101cijai ar skolas administr\u0101ciju, psihologu.<br>Ar\u012b soci\u0101lais pedagogs pie\u0146em klientus \u2013 vec\u0101ki, skol\u0113ni, skolot\u0101ji. Str\u0101d\u0101jot ar skol\u0113niem, soci\u0101lais pedagogs piev\u0113r\u0161 uzman\u012bbu uz sekojo\u0161iem jaut\u0101jumiem: skol\u0113nu kav\u0113jumi un sekmes, konflikti skol\u0113nu un skolot\u0101ju starp\u0101, savstarp\u0113jo konfliktu risin\u0101\u0161ana.<br>Soci\u0101lais pedagogs ar\u012b sadarbojas ar cit\u0101m instanc\u0113m: b\u0101ri\u0146tiesu, pa\u0161vald\u012bbas un valsts policiju,soci\u0101lo lietu p\u0101rvaldi utt.<br>Skolas soci\u0101lais pedagogs pal\u012bdz b\u0113rniem, vec\u0101kiem un skolot\u0101jiem risin\u0101t probl\u0113mas, kas rada trauc\u0113jumus izgl\u012bt\u012bbas ieguves proces\u0101 un savstarp\u0113j\u0101s attiec\u012bb\u0101s.<strong><br><br>K\u0101dos gad\u012bjumos var pal\u012bdz\u0113t soci\u0101lais pedagogs?<br><br>Klases audzin\u0101t\u0101jiem, ja:<\/strong><\/p>\n\n\n\n<ul class=\"wp-block-list\"><li>skol\u0113ns bie\u017ei kav\u0113 skolu neattaisnotu iemeslu d\u0113\u013c<\/li><li>skol\u0113nam strauji pazemin\u0101s sekmes m\u0101c\u012bb\u0101s<\/li><li>p\u0113k\u0161\u0146i main\u012bjusies skol\u0113na uzved\u012bba<\/li><li>skol\u0113ns sa\u0146emt nepietiekamu vec\u0101ku apr\u016bpi<\/li><li>skol\u0113ns st\u0101sta, ka m\u0101j\u0101s j\u016btas slikti un nedro\u0161i u.c.<\/li><\/ul>\n\n\n\n<p><strong>Skol\u0113nam, ja :<\/strong><\/p>\n\n\n\n<ul class=\"wp-block-list\"><li>nom\u0101c k\u0101da probl\u0113ma, kuru vi\u0146\u0161 nevar atrisin\u0101t<\/li><li>ir probl\u0113mas m\u0101j\u0101s<\/li><li>skol\u0101 vi\u0146\u0161 j\u016btas vientu\u013c\u0161 vai atstumts, nav draugu<\/li><li>ir m\u0101c\u012b\u0161an\u0101s gr\u016bt\u012bbas<\/li><li>ir konflikts ar skolasbiedriem, skolot\u0101jiem vai vec\u0101kiem<\/li><li>ir atkar\u012bbas probl\u0113mas u.c.<\/li><\/ul>\n\n\n\n<p><strong>Vec\u0101kiem, ja:<\/strong><\/p>\n\n\n\n<ul class=\"wp-block-list\"><li>radu\u0161\u0101s gr\u016bt\u012bbas b\u0113rna audzin\u0101\u0161an\u0101<\/li><li>b\u0113rns bie\u017ei klai\u0146o un nen\u0101k m\u0101j\u0101s<\/li><li>b\u0113rna uzved\u012bba ir main\u012bjusies<\/li><li>b\u0113rniem ir atkar\u012bbas probl\u0113mas<\/li><li>ir gr\u016bt\u012bbas nodro\u0161in\u0101t b\u0113rnu ar skolai nepiecie\u0161amajiem m\u0101c\u012bbu l\u012bdzek\u013ciem u.c.<\/li><li>b\u0113rniem ir regul\u0101ri konflikti ar skolasbiedriem vai skolot\u0101jiem.<\/li><\/ul>\n","protected":false},"excerpt":{"rendered":"<p>Soci\u0101lais pedagogs izv\u0113rt\u0113 skolas soci\u0101lo situ\u0101ciju, apmain\u0101s inform\u0101cijai ar skolas administr\u0101ciju, psihologu.Ar\u012b soci\u0101lais pedagogs pie\u0146em klientus \u2013 vec\u0101ki, skol\u0113ni, skolot\u0101ji. Str\u0101d\u0101jot ar skol\u0113niem, soci\u0101lais pedagogs piev\u0113r\u0161 uzman\u012bbu uz sekojo\u0161iem jaut\u0101jumiem: &#8230;<\/p>\n","protected":false},"author":2,"featured_media":0,"parent":142,"menu_order":0,"comment_status":"closed","ping_status":"closed","template":"","meta":{"_lmt_disableupdate":"","_lmt_disable":"","ngg_post_thumbnail":0,"footnotes":""},"class_list":["post-144","page","type-page","status-publish","hentry"],"yoast_head":"<!-- This site is optimized with the Yoast SEO plugin v18.3 - https:\/\/yoast.com\/wordpress\/plugins\/seo\/ -->\n<title>Soci\u0101lais pedagogs - Daugavpils Vien\u012bbas pamatskola<\/title>\n<meta name=\"robots\" content=\"index, follow, max-snippet:-1, max-image-preview:large, max-video-preview:-1\" \/>\n<link rel=\"canonical\" href=\"https:\/\/vienibaspsk.lv\/index.php\/par-skolu\/personals\/atbalsta-personals\/socialais-pedagogs\/\" \/>\n<meta property=\"og:locale\" content=\"lv_LV\" \/>\n<meta property=\"og:type\" content=\"article\" \/>\n<meta property=\"og:title\" content=\"Soci\u0101lais pedagogs - Daugavpils Vien\u012bbas pamatskola\" \/>\n<meta property=\"og:description\" content=\"Soci\u0101lais pedagogs izv\u0113rt\u0113 skolas soci\u0101lo situ\u0101ciju, apmain\u0101s inform\u0101cijai ar skolas administr\u0101ciju, psihologu.Ar\u012b soci\u0101lais pedagogs pie\u0146em klientus \u2013 vec\u0101ki, skol\u0113ni, skolot\u0101ji. Str\u0101d\u0101jot ar skol\u0113niem, soci\u0101lais pedagogs piev\u0113r\u0161 uzman\u012bbu uz sekojo\u0161iem jaut\u0101jumiem: ...\" \/>\n<meta property=\"og:url\" content=\"https:\/\/vienibaspsk.lv\/index.php\/par-skolu\/personals\/atbalsta-personals\/socialais-pedagogs\/\" \/>\n<meta property=\"og:site_name\" content=\"Daugavpils Vien\u012bbas pamatskola\" \/>\n<meta property=\"article:modified_time\" content=\"2020-05-26T06:31:57+00:00\" \/>\n<meta name=\"twitter:card\" content=\"summary_large_image\" \/>\n<meta name=\"twitter:label1\" content=\"Est. reading time\" \/>\n\t<meta name=\"twitter:data1\" content=\"2 min\u016btes\" \/>\n<script type=\"application\/ld+json\" class=\"yoast-schema-graph\">{\"@context\":\"https:\/\/schema.org\",\"@graph\":[{\"@type\":\"WebSite\",\"@id\":\"https:\/\/vienibaspsk.lv\/#website\",\"url\":\"https:\/\/vienibaspsk.lv\/\",\"name\":\"Daugavpils Vien\u012bbas pamatskola\",\"description\":\"\",\"potentialAction\":[{\"@type\":\"SearchAction\",\"target\":{\"@type\":\"EntryPoint\",\"urlTemplate\":\"https:\/\/vienibaspsk.lv\/?s={search_term_string}\"},\"query-input\":\"required name=search_term_string\"}],\"inLanguage\":\"lv-LV\"},{\"@type\":\"WebPage\",\"@id\":\"https:\/\/vienibaspsk.lv\/index.php\/par-skolu\/personals\/atbalsta-personals\/socialais-pedagogs\/#webpage\",\"url\":\"https:\/\/vienibaspsk.lv\/index.php\/par-skolu\/personals\/atbalsta-personals\/socialais-pedagogs\/\",\"name\":\"Soci\u0101lais pedagogs - Daugavpils Vien\u012bbas pamatskola\",\"isPartOf\":{\"@id\":\"https:\/\/vienibaspsk.lv\/#website\"},\"datePublished\":\"2020-05-21T06:18:09+00:00\",\"dateModified\":\"2020-05-26T06:31:57+00:00\",\"breadcrumb\":{\"@id\":\"https:\/\/vienibaspsk.lv\/index.php\/par-skolu\/personals\/atbalsta-personals\/socialais-pedagogs\/#breadcrumb\"},\"inLanguage\":\"lv-LV\",\"potentialAction\":[{\"@type\":\"ReadAction\",\"target\":[\"https:\/\/vienibaspsk.lv\/index.php\/par-skolu\/personals\/atbalsta-personals\/socialais-pedagogs\/\"]}]},{\"@type\":\"BreadcrumbList\",\"@id\":\"https:\/\/vienibaspsk.lv\/index.php\/par-skolu\/personals\/atbalsta-personals\/socialais-pedagogs\/#breadcrumb\",\"itemListElement\":[{\"@type\":\"ListItem\",\"position\":1,\"name\":\"Galven\u0101\",\"item\":\"https:\/\/vienibaspsk.lv\/\"},{\"@type\":\"ListItem\",\"position\":2,\"name\":\"Par skolu\",\"item\":\"https:\/\/vienibaspsk.lv\/index.php\/par-skolu\/\"},{\"@type\":\"ListItem\",\"position\":3,\"name\":\"Person\u0101ls\",\"item\":\"https:\/\/vienibaspsk.lv\/index.php\/par-skolu\/personals\/\"},{\"@type\":\"ListItem\",\"position\":4,\"name\":\"Atbalsta person\u0101ls\",\"item\":\"https:\/\/vienibaspsk.lv\/index.php\/par-skolu\/personals\/atbalsta-personals\/\"},{\"@type\":\"ListItem\",\"position\":5,\"name\":\"Soci\u0101lais pedagogs\"}]}]}<\/script>\n<!-- \/ Yoast SEO plugin. -->","yoast_head_json":{"title":"Soci\u0101lais pedagogs - Daugavpils Vien\u012bbas pamatskola","robots":{"index":"index","follow":"follow","max-snippet":"max-snippet:-1","max-image-preview":"max-image-preview:large","max-video-preview":"max-video-preview:-1"},"canonical":"https:\/\/vienibaspsk.lv\/index.php\/par-skolu\/personals\/atbalsta-personals\/socialais-pedagogs\/","og_locale":"lv_LV","og_type":"article","og_title":"Soci\u0101lais pedagogs - Daugavpils Vien\u012bbas pamatskola","og_description":"Soci\u0101lais pedagogs izv\u0113rt\u0113 skolas soci\u0101lo situ\u0101ciju, apmain\u0101s inform\u0101cijai ar skolas administr\u0101ciju, psihologu.Ar\u012b soci\u0101lais pedagogs pie\u0146em klientus \u2013 vec\u0101ki, skol\u0113ni, skolot\u0101ji. Str\u0101d\u0101jot ar skol\u0113niem, soci\u0101lais pedagogs piev\u0113r\u0161 uzman\u012bbu uz sekojo\u0161iem jaut\u0101jumiem: ...","og_url":"https:\/\/vienibaspsk.lv\/index.php\/par-skolu\/personals\/atbalsta-personals\/socialais-pedagogs\/","og_site_name":"Daugavpils Vien\u012bbas pamatskola","article_modified_time":"2020-05-26T06:31:57+00:00","twitter_card":"summary_large_image","twitter_misc":{"Est. reading time":"2 min\u016btes"},"schema":{"@context":"https:\/\/schema.org","@graph":[{"@type":"WebSite","@id":"https:\/\/vienibaspsk.lv\/#website","url":"https:\/\/vienibaspsk.lv\/","name":"Daugavpils Vien\u012bbas pamatskola","description":"","potentialAction":[{"@type":"SearchAction","target":{"@type":"EntryPoint","urlTemplate":"https:\/\/vienibaspsk.lv\/?s={search_term_string}"},"query-input":"required name=search_term_string"}],"inLanguage":"lv-LV"},{"@type":"WebPage","@id":"https:\/\/vienibaspsk.lv\/index.php\/par-skolu\/personals\/atbalsta-personals\/socialais-pedagogs\/#webpage","url":"https:\/\/vienibaspsk.lv\/index.php\/par-skolu\/personals\/atbalsta-personals\/socialais-pedagogs\/","name":"Soci\u0101lais pedagogs - Daugavpils Vien\u012bbas pamatskola","isPartOf":{"@id":"https:\/\/vienibaspsk.lv\/#website"},"datePublished":"2020-05-21T06:18:09+00:00","dateModified":"2020-05-26T06:31:57+00:00","breadcrumb":{"@id":"https:\/\/vienibaspsk.lv\/index.php\/par-skolu\/personals\/atbalsta-personals\/socialais-pedagogs\/#breadcrumb"},"inLanguage":"lv-LV","potentialAction":[{"@type":"ReadAction","target":["https:\/\/vienibaspsk.lv\/index.php\/par-skolu\/personals\/atbalsta-personals\/socialais-pedagogs\/"]}]},{"@type":"BreadcrumbList","@id":"https:\/\/vienibaspsk.lv\/index.php\/par-skolu\/personals\/atbalsta-personals\/socialais-pedagogs\/#breadcrumb","itemListElement":[{"@type":"ListItem","position":1,"name":"Galven\u0101","item":"https:\/\/vienibaspsk.lv\/"},{"@type":"ListItem","position":2,"name":"Par skolu","item":"https:\/\/vienibaspsk.lv\/index.php\/par-skolu\/"},{"@type":"ListItem","position":3,"name":"Person\u0101ls","item":"https:\/\/vienibaspsk.lv\/index.php\/par-skolu\/personals\/"},{"@type":"ListItem","position":4,"name":"Atbalsta person\u0101ls","item":"https:\/\/vienibaspsk.lv\/index.php\/par-skolu\/personals\/atbalsta-personals\/"},{"@type":"ListItem","position":5,"name":"Soci\u0101lais pedagogs"}]}]}},"_links":{"self":[{"href":"https:\/\/vienibaspsk.lv\/index.php\/wp-json\/wp\/v2\/pages\/144","targetHints":{"allow":["GET"]}}],"collection":[{"href":"https:\/\/vienibaspsk.lv\/index.php\/wp-json\/wp\/v2\/pages"}],"about":[{"href":"https:\/\/vienibaspsk.lv\/index.php\/wp-json\/wp\/v2\/types\/page"}],"author":[{"embeddable":true,"href":"https:\/\/vienibaspsk.lv\/index.php\/wp-json\/wp\/v2\/users\/2"}],"replies":[{"embeddable":true,"href":"https:\/\/vienibaspsk.lv\/index.php\/wp-json\/wp\/v2\/comments?post=144"}],"version-history":[{"count":2,"href":"https:\/\/vienibaspsk.lv\/index.php\/wp-json\/wp\/v2\/pages\/144\/revisions"}],"predecessor-version":[{"id":163,"href":"https:\/\/vienibaspsk.lv\/index.php\/wp-json\/wp\/v2\/pages\/144\/revisions\/163"}],"up":[{"embeddable":true,"href":"https:\/\/vienibaspsk.lv\/index.php\/wp-json\/wp\/v2\/pages\/142"}],"wp:attachment":[{"href":"https:\/\/vienibaspsk.lv\/index.php\/wp-json\/wp\/v2\/media?parent=144"}],"curies":[{"name":"wp","href":"https:\/\/api.w.org\/{rel}","templated":true}]}}