{"id":131,"date":"2020-05-21T06:01:36","date_gmt":"2020-05-21T06:01:36","guid":{"rendered":"http:\/\/vienibaspsk.lv\/wordpress\/?page_id=131"},"modified":"2023-10-30T08:58:31","modified_gmt":"2023-10-30T06:58:31","slug":"tradicijas","status":"publish","type":"page","link":"https:\/\/vienibaspsk.lv\/index.php\/par-skolu\/tradicijas\/","title":{"rendered":"Trad\u012bcijas"},"content":{"rendered":"\r\n<ul class=\"wp-block-list\">\r\n<li>Zin\u012bbu diena<\/li>\r\n<li>Dzejas dienu pas\u0101kumi<\/li>\r\n<li>Skol\u0113nu parlamenta v\u0113l\u0113\u0161anas<\/li>\r\n<li>Skolot\u0101ju dienas pas\u0101kumi<\/li>\r\n<li>M\u0101rti\u0146dienas tirdzi\u0146\u0161<\/li>\r\n<li>Valsts proklam\u0113\u0161anai velt\u012bts sv\u0113tku koncerts<\/li>\r\n<li>Ziemassv\u0113tku ieska\u0146as koncerts<\/li>\r\n<li>Masku balle &#8211; karnev\u0101ls<\/li>\r\n<li>Koncerts &#8220;M\u0113s esam talant\u012bgi&#8221;<\/li>\r\n<li>Aerobikas sv\u0113tki<\/li>\r\n<li>4.maija Latvijas Republikas Neatkar\u012bbas atjauno\u0161anas gadadienai velt\u012btie sadzied\u0101\u0161an\u0101s sv\u0113tki<\/li>\r\n<li>Koncerts &#8220;Pavasara noska\u0146as&#8221;<\/li>\r\n<li>Cer\u012bbu balle<\/li>\r\n<\/ul>\r\n","protected":false},"excerpt":{"rendered":"<p>Zin\u012bbu diena Dzejas dienu pas\u0101kumi Skol\u0113nu parlamenta v\u0113l\u0113\u0161anas Skolot\u0101ju dienas pas\u0101kumi M\u0101rti\u0146dienas tirdzi\u0146\u0161 Valsts proklam\u0113\u0161anai velt\u012bts sv\u0113tku koncerts Ziemassv\u0113tku ieska\u0146as koncerts Masku balle &#8211; karnev\u0101ls Koncerts &#8220;M\u0113s esam talant\u012bgi&#8221; Aerobikas &#8230;<\/p>\n","protected":false},"author":2,"featured_media":0,"parent":38,"menu_order":0,"comment_status":"closed","ping_status":"closed","template":"","meta":{"_lmt_disableupdate":"no","_lmt_disable":"","ngg_post_thumbnail":0,"footnotes":""},"class_list":["post-131","page","type-page","status-publish","hentry"],"yoast_head":"<!-- This site is optimized with the Yoast SEO plugin v18.3 - https:\/\/yoast.com\/wordpress\/plugins\/seo\/ -->\n<title>Trad\u012bcijas - Daugavpils Vien\u012bbas pamatskola<\/title>\n<meta name=\"robots\" content=\"index, follow, max-snippet:-1, max-image-preview:large, max-video-preview:-1\" \/>\n<link rel=\"canonical\" href=\"https:\/\/vienibaspsk.lv\/index.php\/par-skolu\/tradicijas\/\" \/>\n<meta property=\"og:locale\" content=\"lv_LV\" \/>\n<meta property=\"og:type\" content=\"article\" \/>\n<meta property=\"og:title\" content=\"Trad\u012bcijas - Daugavpils Vien\u012bbas pamatskola\" \/>\n<meta property=\"og:description\" content=\"Zin\u012bbu diena Dzejas dienu pas\u0101kumi Skol\u0113nu parlamenta v\u0113l\u0113\u0161anas Skolot\u0101ju dienas pas\u0101kumi M\u0101rti\u0146dienas tirdzi\u0146\u0161 Valsts proklam\u0113\u0161anai velt\u012bts sv\u0113tku koncerts Ziemassv\u0113tku ieska\u0146as koncerts Masku balle &#8211; karnev\u0101ls Koncerts &#8220;M\u0113s esam talant\u012bgi&#8221; Aerobikas ...\" \/>\n<meta property=\"og:url\" content=\"https:\/\/vienibaspsk.lv\/index.php\/par-skolu\/tradicijas\/\" \/>\n<meta property=\"og:site_name\" content=\"Daugavpils Vien\u012bbas pamatskola\" \/>\n<meta property=\"article:modified_time\" content=\"2023-10-30T06:58:31+00:00\" \/>\n<meta name=\"twitter:card\" content=\"summary_large_image\" \/>\n<script type=\"application\/ld+json\" class=\"yoast-schema-graph\">{\"@context\":\"https:\/\/schema.org\",\"@graph\":[{\"@type\":\"WebSite\",\"@id\":\"https:\/\/vienibaspsk.lv\/#website\",\"url\":\"https:\/\/vienibaspsk.lv\/\",\"name\":\"Daugavpils Vien\u012bbas pamatskola\",\"description\":\"\",\"potentialAction\":[{\"@type\":\"SearchAction\",\"target\":{\"@type\":\"EntryPoint\",\"urlTemplate\":\"https:\/\/vienibaspsk.lv\/?s={search_term_string}\"},\"query-input\":\"required name=search_term_string\"}],\"inLanguage\":\"lv-LV\"},{\"@type\":\"WebPage\",\"@id\":\"https:\/\/vienibaspsk.lv\/index.php\/par-skolu\/tradicijas\/#webpage\",\"url\":\"https:\/\/vienibaspsk.lv\/index.php\/par-skolu\/tradicijas\/\",\"name\":\"Trad\u012bcijas - Daugavpils Vien\u012bbas pamatskola\",\"isPartOf\":{\"@id\":\"https:\/\/vienibaspsk.lv\/#website\"},\"datePublished\":\"2020-05-21T06:01:36+00:00\",\"dateModified\":\"2023-10-30T06:58:31+00:00\",\"breadcrumb\":{\"@id\":\"https:\/\/vienibaspsk.lv\/index.php\/par-skolu\/tradicijas\/#breadcrumb\"},\"inLanguage\":\"lv-LV\",\"potentialAction\":[{\"@type\":\"ReadAction\",\"target\":[\"https:\/\/vienibaspsk.lv\/index.php\/par-skolu\/tradicijas\/\"]}]},{\"@type\":\"BreadcrumbList\",\"@id\":\"https:\/\/vienibaspsk.lv\/index.php\/par-skolu\/tradicijas\/#breadcrumb\",\"itemListElement\":[{\"@type\":\"ListItem\",\"position\":1,\"name\":\"Galven\u0101\",\"item\":\"https:\/\/vienibaspsk.lv\/\"},{\"@type\":\"ListItem\",\"position\":2,\"name\":\"Par skolu\",\"item\":\"https:\/\/vienibaspsk.lv\/index.php\/par-skolu\/\"},{\"@type\":\"ListItem\",\"position\":3,\"name\":\"Trad\u012bcijas\"}]}]}<\/script>\n<!-- \/ Yoast SEO plugin. -->","yoast_head_json":{"title":"Trad\u012bcijas - Daugavpils Vien\u012bbas pamatskola","robots":{"index":"index","follow":"follow","max-snippet":"max-snippet:-1","max-image-preview":"max-image-preview:large","max-video-preview":"max-video-preview:-1"},"canonical":"https:\/\/vienibaspsk.lv\/index.php\/par-skolu\/tradicijas\/","og_locale":"lv_LV","og_type":"article","og_title":"Trad\u012bcijas - Daugavpils Vien\u012bbas pamatskola","og_description":"Zin\u012bbu diena Dzejas dienu pas\u0101kumi Skol\u0113nu parlamenta v\u0113l\u0113\u0161anas Skolot\u0101ju dienas pas\u0101kumi M\u0101rti\u0146dienas tirdzi\u0146\u0161 Valsts proklam\u0113\u0161anai velt\u012bts sv\u0113tku koncerts Ziemassv\u0113tku ieska\u0146as koncerts Masku balle &#8211; karnev\u0101ls Koncerts &#8220;M\u0113s esam talant\u012bgi&#8221; Aerobikas ...","og_url":"https:\/\/vienibaspsk.lv\/index.php\/par-skolu\/tradicijas\/","og_site_name":"Daugavpils Vien\u012bbas pamatskola","article_modified_time":"2023-10-30T06:58:31+00:00","twitter_card":"summary_large_image","schema":{"@context":"https:\/\/schema.org","@graph":[{"@type":"WebSite","@id":"https:\/\/vienibaspsk.lv\/#website","url":"https:\/\/vienibaspsk.lv\/","name":"Daugavpils Vien\u012bbas pamatskola","description":"","potentialAction":[{"@type":"SearchAction","target":{"@type":"EntryPoint","urlTemplate":"https:\/\/vienibaspsk.lv\/?s={search_term_string}"},"query-input":"required name=search_term_string"}],"inLanguage":"lv-LV"},{"@type":"WebPage","@id":"https:\/\/vienibaspsk.lv\/index.php\/par-skolu\/tradicijas\/#webpage","url":"https:\/\/vienibaspsk.lv\/index.php\/par-skolu\/tradicijas\/","name":"Trad\u012bcijas - Daugavpils Vien\u012bbas pamatskola","isPartOf":{"@id":"https:\/\/vienibaspsk.lv\/#website"},"datePublished":"2020-05-21T06:01:36+00:00","dateModified":"2023-10-30T06:58:31+00:00","breadcrumb":{"@id":"https:\/\/vienibaspsk.lv\/index.php\/par-skolu\/tradicijas\/#breadcrumb"},"inLanguage":"lv-LV","potentialAction":[{"@type":"ReadAction","target":["https:\/\/vienibaspsk.lv\/index.php\/par-skolu\/tradicijas\/"]}]},{"@type":"BreadcrumbList","@id":"https:\/\/vienibaspsk.lv\/index.php\/par-skolu\/tradicijas\/#breadcrumb","itemListElement":[{"@type":"ListItem","position":1,"name":"Galven\u0101","item":"https:\/\/vienibaspsk.lv\/"},{"@type":"ListItem","position":2,"name":"Par skolu","item":"https:\/\/vienibaspsk.lv\/index.php\/par-skolu\/"},{"@type":"ListItem","position":3,"name":"Trad\u012bcijas"}]}]}},"_links":{"self":[{"href":"https:\/\/vienibaspsk.lv\/index.php\/wp-json\/wp\/v2\/pages\/131","targetHints":{"allow":["GET"]}}],"collection":[{"href":"https:\/\/vienibaspsk.lv\/index.php\/wp-json\/wp\/v2\/pages"}],"about":[{"href":"https:\/\/vienibaspsk.lv\/index.php\/wp-json\/wp\/v2\/types\/page"}],"author":[{"embeddable":true,"href":"https:\/\/vienibaspsk.lv\/index.php\/wp-json\/wp\/v2\/users\/2"}],"replies":[{"embeddable":true,"href":"https:\/\/vienibaspsk.lv\/index.php\/wp-json\/wp\/v2\/comments?post=131"}],"version-history":[{"count":6,"href":"https:\/\/vienibaspsk.lv\/index.php\/wp-json\/wp\/v2\/pages\/131\/revisions"}],"predecessor-version":[{"id":7334,"href":"https:\/\/vienibaspsk.lv\/index.php\/wp-json\/wp\/v2\/pages\/131\/revisions\/7334"}],"up":[{"embeddable":true,"href":"https:\/\/vienibaspsk.lv\/index.php\/wp-json\/wp\/v2\/pages\/38"}],"wp:attachment":[{"href":"https:\/\/vienibaspsk.lv\/index.php\/wp-json\/wp\/v2\/media?parent=131"}],"curies":[{"name":"wp","href":"https:\/\/api.w.org\/{rel}","templated":true}]}}